70*i - 3. Give j(-115).
-3
Let g(c) = -28*c - 964. Give g(-30).
-124
Let k(g) = 137*g**2 + 9*g - 20. What is k(2)?
546
Let r(j) = 97*j + 2430. Give r(-25).
5
Let d(z) = 3*z**3 - 43*z**2 + 120*z + 9. Give d(3).
63
Let o(y) = -y**3 + 24*y**2 + 180*y - 9. Determine o(30).
-9
Let x(v) = v - 329. What is x(-56)?
-385
Let m(l) = 6*l**2 - 22*l + 40. Give m(2).
20
Let w(a) = -a**2 + 31*a + 24. What is w(14)?
262
Let f(o) = 205*o - 8422. Determine f(41).
-17
Let q(p) = -p**3 - 2*p**2 - 30*p - 135. What is q(-4)?
17
Let i(x) = 69*x + 2526. What is i(-40)?
-234
Let o(q) = q**2 + 17*q - 50. Give o(-19).
-12
Let q(m) = m**2 + 92*m + 711. What is q(-10)?
-109
Let x(j) = j**3 + 193*j**2 + 21*j + 4052. What is x(-193)?
-1
Let t(n) = 49*n - 25. Give t(-4).
-221
Let w(o) = 20*o + 1754. What is w(-86)?
34
Let y(w) = -18*w**2 + 328*w - 1466. Calculate y(8).
6
Let c(g) = g**2 - 6*g + 1. Calculate c(6).
1
Let w(d) = -7*d**2 - 22*d. Give w(-5).
-65
Let q(b) = -b**3 + 2*b**2 - 72*b - 324. What is q(-5)?
211
Let s(d) = -52*d + 72. What is s(0)?
72
Let n(c) = -36527*c + 182640. What is n(5)?
5
Let x(b) = 105*b - 1867. Determine x(15).
-292
Let v(d) = -32190*d - 289707. Calculate v(-9).
3
Let x(s) = 46*s - 4108. Give x(89).
-14
Let a(t) = -2560*t + 17905. Determine a(7).
-15
Let t(m) = -304*m - 18219. What is t(-60)?
21
Let a(t) = -t**3 + 18*t**2 - 51*t + 16. What is a(16)?
-288
Let b(a) = -106*a - 635. What is b(-6)?
1
Let h(d) = 16*d + 227. Give h(-8).
99
Let l(n) = 66*n + 4092. Give l(-62).
0
Let k(a) = a**3 - 7*a**2 + 32*a - 15. Give k(6).
141
Let k(m) = -m**3 - 28*m**2 + 1648*m + 146. Determine k(29).
1
Let i(z) = -z**3 + 35*z**2 - 13. What is i(35)?
-13
Let t(s) = -11*s**2 - 283*s - 1441. Calculate t(-5).
-301
Let u(v) = 2045*v + 12280. What is u(-6)?
10
Let d(n) = n**3 - 25*n**2 + 31*n - 17. Determine d(24).
151
Let l(j) = -90*j - 147. Give l(-2).
33
Let t(u) = -62*u + 642. What is t(9)?
84
Let g(w) = -1177*w + 20020. What is g(17)?
11
Let v(c) = -60*c + 2331. What is v(39)?
-9
Let k(x) = -3*x**2 + 63*x - 448. Determine k(8).
-136
Let l(b) = -2*b**3 - 10*b**2 + 33*b - 25. Give l(1).
-4
Let y(t) = 2*t**2 + 456*t - 456. Determine y(1).
2
Let y(c) = -6*c**3 + 13*c**2 - 33*c + 5. What is y(2)?
-57
Let m(h) = -24*h**2 - 60*h + 149. Calculate m(-4).
5
Let s(o) = 17*o - 1348. Give s(82).
46
Let p(l) = -21*l - 4233. Give p(-202).
9
Let n(p) = -1538*p - 35401. Calculate n(-23).
-27
Let y(b) = -120*b**2 + 11*b + 19. Calculate y(-2).
-483
Let l(z) = z**3 + 44*z**2 - 36*z + 405. Calculate l(-45).
0
Let n(a) = -2*a - 220. Give n(-12).
-196
Let n(u) = 5*u**2 - 27*u - 8. Give n(7).
48
Let m(n) = -n**3 + 8*n**2 - 9*n - 2. Determine m(2).
4
Let p(h) = 106*h + 79. What is p(0)?
79
Let g(j) = -8*j. Give g(-11).
88
Let x(v) = 24*v - 602. What is x(25)?
-2
Let d(t) = 2*t**3 - 400*t**2 + 397*t + 203. Calculate d(199).
4
Let n(o) = -4*o**3 - 30*o**2 + 33*o + 173. What is n(-8)?
37
Let h(y) = -y**2 + 79*y - 1536. Determine h(37).
18
Let m(x) = -77*x**2 - 35*x + 66. Give m(2).
-312
Let x(o) = 2*o**3 + 13*o**2 + 13*o + 10. Determine x(-5).
20
Let i(b) = -9315*b + 74529. Determine i(8).
9
Let g(v) = 8*v**2 - 546*v - 3412. Give g(74).
-8
Let q(b) = -7*b**2 + 13*b + 81. Determine q(-4).
-83
Let d(w) = 2*w - 2. Calculate d(26).
50
Let t(q) = q**3 + 18*q**2 + 26*q + 524. What is t(-18)?
56
Let z(c) = -806*c + 91085. What is z(113)?
7
Let z(q) = -q**3 + q**2 + 3*q + 3. Give z(5).
-82
Let i(t) = -29*t**2 + 741*t + 1477. Give i(-2).
-121
Let v(l) = -19*l + 38. Calculate v(9).
-133
Let o(z) = -5*z**2 + 3*z - 59. What is o(13)?
-865
Let u(a) = a**3 - a**2 - 53*a - 3. What is u(-8)?
-155
Let s(v) = 2*v**3 - 16*v**2 - 101*v - 71. Determine s(12).
-131
Let s(c) = 6*c**3 - 14*c**2 + 2*c - 4. What is s(3)?
38
Let f(p) = -51*p - 357. Give f(-8).
51
Let m(o) = -33*o - 406. Give m(-12).
-10
Let w(b) = 47*b + 153. What is w(8)?
529
Let d(k) = 54*k**2 - 19*k - 85. What is d(-3)?
458
Let n(q) = q**3 - 11*q**2 + 146*q - 2218. Determine n(13).
18
Let w(p) = -2*p**2 + 213*p + 2240. Give w(116).
36
Let s(u) = 47*u**2 - 109*u - 1. Give s(3).
95
Let a(f) = 8*f - 111. Determine a(20).
49
Let x(p) = -p**3 + 14*p**2 + 50*p - 64. Calculate x(17).
-81
Let i(n) = -2*n**3 - 35*n**2 - 19*n - 672. Calculate i(-18).
-6
Let d(f) = -4*f**2 - 824*f + 31551. Determine d(33).
3
Let m(d) = 5*d**2 - 15*d - 37. Calculate m(-3).
53
Let v(u) = -2*u**3 + 32*u**2 - 19*u - 159. What is v(15)?
6
Let s(h) = 22*h + 273. Determine s(-13).
-13
Let a(u) = u**2 + 60*u + 125. Give a(-55).
-150
Let b(l) = l**3 + 29*l**2 + 20*l - 238. Give b(-28).
-14
Let p(d) = -d**3 + 8*d**2 - 552*d + 2134. Determine p(4).
-10
Let j(y) = -y**3 + 31*y**2 - 222*y - 96. Determine j(19).
18
Let g(c) = 31*c + 344. Calculate g(-9).
65
Let l(x) = 3*x**2 - 152*x + 1446. What is l(38)?
2
Let i(l) = -3661*l - 3672. Calculate i(-1).
-11
Let a(h) = 302*h + 13893. Give a(-46).
1
Let g(k) = 5*k - 220. What is g(29)?
-75
Let c(y) = -386*y + 12312. Calculate c(32).
-40
Let m(p) = 405*p + 3. What is m(1)?
408
Let h(o) = 265*o + 1319. Give h(-5).
-6
Let s(q) = -q**3 - 19*q**2 - 11*q - 82. What is s(-19)?
127
Let h(c) = -c**3 - 4*c**2 - 37*c - 300. Determine h(-7).
106
Let w(l) = -l**2 - 18*l - 46. Determine w(-17).
-29
Let c(r) = -6*r + 206. Give c(23).
68
Let h(t) = -t**3 - 19*t**2 + 15*t - 17. What is h(0)?
-17
Let x(g) = -4*g**3 - 14*g**2 - 4*g - 36. What is x(0)?
-36
Let h(z) = -z**3 - 6*z**2 - 21*z - 164. Calculate h(-7).
32
Let h(i) = 84*i**2 + 3*i + 39. Calculate h(0).
39
Let h(m) = 5*m**3 - 4*m**2 + 19. What is h(3)?
118
Let m(d) = -3*d**2 - 29*d + 304. What is m(-16)?
0
Let b(p) = -p**3 - 27*p**2 - 213*p - 385. Calculate b(-12).
11
Let o(s) = 4*s - 201. What is o(36)?
-57
Let y(x) = -x**3 - 12*x**2 + 19*x + 23. Determine y(-11).
-307
Let a(x) = 64*x + 676. What is a(-10)?
36
Let m(h) = 157*h**3 - 6*h + 5. What is m(1)?
156
Let f(a) = 2*a**3 - 111*a**2 + 361*a + 105. Calculate f(52).
-51
Let m(q) = 81*q**2 - 19*q - 65. Determine m(-3).
721
Let j(i) = -29*i + 51. What is j(4)?
-65
Let u(p) = p**3 + 35*p**2 + 181*p + 182. Give u(-29).
-21
Let w(o) = -8*o**2 + 21*o - 143. What is w(9)?
-602
Let r(u) = 4*u**2 + 7*u - 5. Give r(-3).
10
Let l(g) = g**3 - 12*g**2 - 58*g - 71. Give l(16).
25
Let s(a) = -a**2 - 5*a - 20. Determine s(-14).
-146
Let o(w) = -w**2 + 12*w + 1924. Determine o(-38).
24
Let a(m) = 5304*m + 53034. Give a(-10).
-6
Let g(i) = i**2 + 56*i + 399. Calculate g(-9).
-24
Let v(o) = o**2 + 52*o + 419. What is v(-41)?
-32
Let g(r) = 2*r**2 + 350*r - 2922. Give g(8).
6
Let u(v) = -4*v**3 + 2*v**2 + 13. Determine u(3).
-77
Let b(l) = -2*l**2 - 50*l - 222. Determine b(-6).
6
Let y(r) = 2*r**3 + 23*r**2 + 61*r + 565. Determine y(-11).
15
Let f(m) = 94*m + 2066. Determine f(-25).
-284
Let o(u) = 17*u + 464. Give o(-28).
-12
Let b(n) = -n**3 + 4*n**2 + 110*n + 62. Calculate b(13).
-29
Let c(x) = x**2 - 46*x + 628. What is c(16)?
148
Let k(o) = 116*o + 39. Give k(0).
39
Let j(w) = -w**3 + w**2 + 87*w + 128. Give j(-8).
8
Let m(z) = 9*z**3 + 48*z**2 + 19*z + 1. Determine m(-5).
-19
Let l(z) = -284*z**3 + z**2 - 2*z - 3. Give l(-1).
284
Let f(a) = a**2 + 291*a - 2092. Calculate f(7).
-6
Let r(f) = -f**2 - 22*f + 141. Give r(6).
-27
Let j(k) = 50*k**3 + 7*k**2 + 24*k + 15. What is j(-2)?
-405
Let s(b) = 174*b - 24. Give s(0).
-24
Let k(b) = b**3 - 6*b**2 + 20*b - 122. What is k(6)?
-2
Let z(c) = 696*c + 18074. What is z(-26)?
-22
Let x(g) = 128*g**2 + 632*g - 18. What is x(-5)?
22
Let d(i) = 2*i**3 + 8*i**2 + 10*i + 2. Give d(-2).
-2
Let t(y) = -y**3 + 17*y**2 - 38*y + 991. Give t(18).
-17
Let d(n) = -22*n - 284. Determine d(-19).
134
Let g(k) = 3*k**3 + 40*k**2 - 50*k - 22. Calculate g(-14).
286
Let f(u) = u**2 + 255*u + 1002. Determine f(-4).
-2
Let k(b) = -2*b**3 - 14*b**2 + 13*b + 15. Calculate k(-8).
39
Let a(n) = -73*n - 2. Give a(4).
-294
Let g(v) = -154*v + 1061. Calculate g(7).
-17
Let w(y) = -2021*y - 12024. What is w(-6)?
102
Let k(c) = -c**3 - 7*c**2 + 20*c + 54. Give k(-9).
36
Let z(m) = -5*m**2 - 159*m + 1591. Give z(8).
-1
Let f(l) = 125*l - 44. What is f(-1)?
-169
Let p(i) = -i**2 - 37*i - 241. Give p(-28).
11
Let f(w) = -w**2 + 7*w + 41. Calculate f(-5).
-19
Let l(s) = -1258*s + 2520. What is l(2)?
4
Let g(z) = -z**3 + 25*z**2 + 27*z + 33. Give g(26).
59